ime factors of (-2*2/4)/((-2)/v)?
2, 97
Suppose 26*j - 33*j + 217 = 0. Let s = 206 - j. List the prime factors of s.
5, 7
Let x(u) = 3*u**2 + 59*u + 23. What are the prime factors of x(-42)?
2837
What are the prime factors of 12/(-1) + 12 - -7075?
5, 283
Let n(s) = -13*s - 126. Let z be n(-10). Suppose z*t + 599 = 2*p - 685, -t = -p + 641. List the prime factors of p.
2, 5
Suppose 2*j - 4*r = j + 205, 4*r = -3*j + 695. Suppose 4*p = -j + 609. What are the prime factors of p?
2, 3
Let y = -695 + 1194. Suppose 5*l - 531 - y = 2*x, 2*x = 0. List the prime factors of l.
2, 103
Let b(s) = -9*s**3 + 5*s**2 + 4*s + 3. Let v be b(-3). Suppose k - 4*k = -v. What are the prime factors of (-2)/(9/k*4/(-24))?
2, 31
List the prime factors of (-1752351)/(-114) + (-14)/4.
2, 17, 113
Let a be 4*1/(-18) - (-3705)/27. Let r = a + 23. What are the prime factors of r?
2, 5
Let v(w) = -142*w**2 - 2*w - 2. Let j be v(-2). Let f = 984 + j. List the prime factors of f.
2, 11, 19
Let n = 29474 + -12745. List the prime factors of n.
16729
Suppose -33*b - 29*b + 248 = 0. Let f be 13/3 + (-2)/(-3). Suppose -b*w - 15 = -y, -3*y - 2*w + f*w + 90 = 0. List the prime factors of y.
5, 7
Let a(t) = 140*t - 21. Let f be a(3). Suppose -8*s + s + f = 0. What are the prime factors of s?
3, 19
Let s(z) = -14*z - 8 - 14*z**3 + 25*z**3 + 21*z - 6*z**2 + 15*z**3. List the prime factors of s(4).
2, 397
Let c(d) = 309*d**2 + d - 33. Let z be c(6). Suppose -z = 24*n - 29313. List the prime factors of n.
3, 11, 23
Let x be ((-55)/(-22))/(3/(-186)). Let g = x + 361. Suppose 0 = 3*i - 349 - g. List the prime factors of i.
5, 37
What are the prime factors of (-11397120)/(-700) - (31/35 + (-4)/14)?
3, 67
Let o = -44165 + 77018. List the prime factors of o.
3, 47, 233
Let d = -806 - -868. What are the prime factors of d?
2, 31
Suppose -223 = 11*i + 151. Let x = -34 - i. Suppose -3*u - 4*r + 129 = x, 0 = 5*u - 10*r + 6*r - 247. List the prime factors of u.
47
Let t = 124 - 244. What are the prime factors of t/(-48)*(-1 + 93)?
2, 5, 23
Suppose 3*s = -9, 2*c + 0*s = -2*s. Suppose 0 = c*a + 3*r - 861, -a + 300 = -2*r + 28. Suppose -a = 10*z - 1062. What are the prime factors of z?
2, 3, 13
Let q(u) = -47*u + 12. Let r(o) = 3*o. Let j(v) = -q(v) - 5*r(v). What are the prime factors of j(3)?
2, 3, 7
Let v be -4 - -2 - (-8 - -3). Suppose 954 = 4*q + 2*t, 5*t = 4*q - v*q - 266. What are the prime factors of q?
241
Let c(x) = 3007*x - 740. What are the prime factors of c(6)?
2, 41, 211
Suppose s + s - 7 = f, -4*s = -5*f - 5. Suppose f*o + 16 = 4*o. Suppose -10*d + o*d = 558. List the prime factors of d.
3, 31
Suppose -40 = -5*q - 5*x, 2*q - 2*x = -0*x - 4. Suppose 4*o - 331 = -w + 234, 5*w + q*o - 2791 = 0. What are the prime factors of w?
557
List the prime factors of (((-143)/33)/(34/1887))/(1/(-134)).
13, 37, 67
Suppose -k = 14*k + 25*k - 400. List the prime factors of k.
2, 5
Let o(r) = -31 - 14 - 3 + 31*r**2 - r**2 + 13*r. List the prime factors of o(4).
2, 11
Suppose -5960 + 24808 = 8*p. What are the prime factors of p?
2, 19, 31
Suppose -3*y + 24 = -3*v, -4 = -y - y - v. Suppose 5*c - y*d = 450, d - 243 = -3*c - 2*d. Suppose 0 = -3*b + 106 + c. List the prime factors of b.
2
Let a(r) = r**2 + 4*r + 223. Let d(t) = t**3 + 19*t**2 + 35*t + 17. Let h be d(-17). List the prime factors of a(h).
223
Let o(x) = -8*x - 4. Let z(h) = 2. Let r(f) = -1. Let t(w) = -7*r(w) - 4*z(w). Let b(s) = o(s) - 3*t(s). What are the prime factors of b(-3)?
23
Let q(f) = 4*f**2 - 4*f**2 - 45*f**3 + f**2 - 2*f**2 + 0*f**2. List the prime factors of q(-2).
2, 89
Let l be 10/(-15) + 4/6. Let w = l + 0. Suppose -6*j - 244 = -3*h - 2*j, 5*h + 4*j - 396 = w. List the prime factors of h.
2, 5
Let a(k) = 45*k**2 + 34*k + 1. What are the prime factors of a(20)?
3, 13, 479
Suppose 4*o + o = 15. Let s(u) = -3*u - o*u - 16 + 50. What are the prime factors of s(-11)?
2, 5
Suppose -183 + 199 = -8*k. What are the prime factors of (-2 - (-4 + k)/(-2))*-70?
2, 5, 7
Suppose -y - u = -6*u - 15081, 2*u = -5*y + 75324. What are the prime factors of y/72 + (-6)/(-8)?
2, 3, 5, 7
Let l(d) = 5826*d - 2981. List the prime factors of l(5).
79, 331
Suppose -4*c = 5*n - 14, n - 211*c = -212*c + 2. Suppose 3*j - 1 = 23. Suppose j*k - 486 = n*k. What are the prime factors of k?
3
Suppose 37116 = 4*v + 2*a - a, 12*a - 27882 = -3*v. List the prime factors of v.
2, 4639
Let l be ((-24)/(-4) + 283)*-4. Let i = -483 - l. What are the prime factors of i?
673
Let b = 24152 + -7543. What are the prime factors of b?
17, 977
What are the prime factors of (2571 + (-120)/(-8))/(2/29)?
3, 29, 431
Suppose -7*m + 2 = -6*m. Suppose 0 = -3*i + m*i + 246. What are the prime factors of i?
2, 3, 41
Suppose 9*i + 4969 = 123521 - 8662. List the prime factors of i.
2, 3, 5, 11, 37
Let q be (-1)/(2/(4 - 2)) - -23. Let h = 447 + q. List the prime factors of h.
7, 67
Suppose -2*i - 21 = 17. Let q = i - -19. Suppose q = s + 3*s - 324. List the prime factors of s.
3
Let v = -14035 - -25123. What are the prime factors of v?
2, 3, 7, 11
Suppose 54*u - 60*u + 6 = 0. What are the prime factors of 582 - -29 - -1*(u + -2)?
2, 5, 61
Suppose 4*j + 4*b - 32016 = 0, -3*j + 3*b = -18956 - 5038. Suppose -18*h = -9*h - j. What are the prime factors of h?
7, 127
Suppose -48 = -8*w - 8*w. Suppose -w*a + 2895 = 4*z - z, -5*z - 3896 = -4*a. What are the prime factors of a?
3, 17, 19
Suppose -r + 18910 = -5*b, -18950 = -r + 55*b - 58*b. List the prime factors of r.
5, 7, 541
Let f = 15 + -6. Suppose -2*q + 5*p = -1275 - 784, q - 3*p - 1027 = 0. Suppose q = f*k + 403. What are the prime factors of k?
71
Let b = -169 + 223. List the prime factors of 1355/3 - 90/b.
2, 3, 5
Let r(l) = -92 - 111 + 165 + 1278*l. Let g be r(5). Suppose g - 1438 = 21*f. What are the prime factors of f?
2, 3, 13
Suppose 5*t - 145600 = -3*o - 45123, 0 = 6*o - 2*t - 201038. What are the prime factors of o?
2, 3, 349
Let u(h) be the third derivative of h**6/120 + 7*h**5/20 + h**4/6 - 38*h**3/3 + 6*h**2 - 4. List the prime factors of u(-15).
2, 607
Let v = -11610 + 45009. What are the prime factors of v?
3, 1237
Let f(m) = 7*m**2 + 1. Let l be f(1). Suppose 338 = l*d - 2422. What are the prime factors of d?
3, 5, 23
Suppose -i + 28960 = 7*i. Suppose 3*p - i = -2*p. What are the prime factors of p?
2, 181
What are the prime factors of (3/(-4))/(((-774)/143424)/43)?
2, 3, 83
Let j be 6 + (6/(-1))/(6/4). Suppose -j*c = 5*g - 114, -3*c - 4*g + 67 = -90. Let k = c + 147. List the prime factors of k.
2, 97
Let j(l) = -419*l - 8. Let r(q) = 418*q + 7. Let v(w) = -4*j(w) - 3*r(w). List the prime factors of v(1).
433
Let v be (98/8 + -4)*-20. Let o = v - -131. Let i = o - -44. What are the prime factors of i?
2, 5
Let w = 17126 + -8850. List the prime factors of w.
2, 2069
Let l = -160 - -332. Let p be (-202 - -2)/2 - 2. Let r = l + p. List the prime factors of r.
2, 5, 7
Let q(d) = -39*d - 24. Let g be q(-3). Suppose -g*b + 2891 = -86*b. List the prime factors of b.
7, 59
Suppose -4*w - 2*n = -79306, 4*w - 7*w - 4*n + 59482 = 0. What are the prime factors of w?
2, 23, 431
Let n = -274 + 543. Let p(y) = y + 10. Let m be p(-4). Suppose n = m*l - 301. List the prime factors of l.
5, 19
Let d(r) = 103*r**2 - 4*r - 21. List the prime factors of d(-10).
17, 607
Let p = 40747 - 23735. What are the prime factors of p?
2, 4253
Let b be ((20/1)/1)/(8 + -6). Suppose 0 = b*q - 1380 - 1450. Suppose -129 = -4*p + q. List the prime factors of p.
103
Suppose -98*z - 36 = -110*z. Suppose z*o + 3565 = 5*u, 5*u = 5*o + 3342 + 233. List the prime factors of u.
2, 5, 71
Suppose -f = 5*f - 20940. Suppose 5*z = 3*m - f, -4*m - 54*z + 4605 = -51*z. What are the prime factors of m?
3, 5, 7, 11
Let o be (80/(-25))/(10/(-25) + 0). Suppose -638 = o*t - 5334. What are the prime factors of t?
587
Suppose 0 = -s - 5, d - 2*s = 18 - 16. List the prime factors of (-656 + 2)*d/6.
2, 109
Suppose -23 + 33 = 5*q. Let x = q + -2. What are the prime factors of 1 + (x - ((-202)/2 + -2))?
2, 13
Let j = 3143 + 4146. What are the prime factors of j?
37, 197
What are the prime factors of 4234 + ((-28)/(-4) - (9 - 10))?
2, 3, 7, 101
Suppose 0 = 5*g - 3*g - n + 2, n = 2. Suppose -5*f - 23 = b - g*f, -b + 17 = -5*f. What are the prime factors of ((-16)/12)/(2/32)*b?
2
Let y